) = -i**3 + 20*i**2 + 101*i - 95. What is g(24)?
25
Let g(m) = 2*m**3 + 37*m**2 - 103*m + 31. Give g(-21).
-11
Let b(i) = -7*i + 252. Calculate b(35).
7
Let t(z) = 50*z - 9282. Calculate t(186).
18
Let f(d) = d**3 - 12*d**2 - 29*d - 11. Determine f(13).
-219
Let s(x) = 7*x**2 - 6*x - 16. What is s(-3)?
65
Let u(w) = 4*w**2 + 11*w + 24. Give u(-8).
192
Let g(b) = 6*b**2 - 216*b + 34. Calculate g(38).
490
Let n(j) = 3*j**2 + 14*j - 23. What is n(-6)?
1
Let w(v) = -179*v + 36. Give w(1).
-143
Let m(d) = d**3 - 28*d**2 + 120*d - 585. What is m(24)?
-9
Let a(j) = 2*j**2 + 868*j + 46743. Calculate a(-63).
-3
Let l(d) = d**2 + d - 114. Give l(-11).
-4
Let w(l) = -16*l**2 - 1326*l + 186. Calculate w(-83).
20
Let y(a) = -a**3 + 92*a**2 + 158*a + 2908. Determine y(94).
88
Let x(o) = 45*o**2 - 486*o - 660. Calculate x(12).
-12
Let j(f) = -3*f**3 - 214*f**2 + 364*f - 46. Determine j(-73).
27
Let z(a) = a**2 + 143*a + 2762. Calculate z(-23).
2
Let f(j) = 6*j**3 + 318*j**2 + 3*j + 145. Calculate f(-53).
-14
Let n(a) = a**2 - 5*a + 21. What is n(7)?
35
Let c(o) = o**3 - 2*o - 57. Give c(0).
-57
Let c(u) = 2000*u + 116010. Give c(-58).
10
Let d(v) = 1336*v - 98870. Calculate d(74).
-6
Let n(q) = 2*q**2 + 186*q + 2028. What is n(-80)?
-52
Let z(o) = 930*o - 9295. Give z(10).
5
Let n(l) = l**2 + 24*l - 131. What is n(-39)?
454
Let v(y) = y**3 + 48*y**2 - 11*y - 585. Calculate v(-48).
-57
Let y(s) = -2*s**3 - 25*s**2 + 4*s + 26. Give y(-11).
-381
Let i(v) = -75*v + 29. Calculate i(1).
-46
Let m(r) = 424*r - 2184. Determine m(5).
-64
Let v(w) = 894*w + 7136. What is v(-8)?
-16
Let c(b) = 9*b**2 + 43*b + 2. Determine c(-5).
12
Let s(w) = -w**3 + 50*w**2 - 302*w + 38. Give s(43).
-5
Let d(h) = -h**2 + 7*h + 422. Determine d(-17).
14
Let l(g) = 2225*g + 24465. Give l(-11).
-10
Let c(o) = 5*o + 293. Calculate c(9).
338
Let k(w) = w**2 + 17*w - 73. What is k(-21)?
11
Let m(t) = -4*t**2 - 2*t + 25. What is m(-4)?
-31
Let b(i) = 257*i - 1497. Determine b(6).
45
Let d(u) = 4*u**2 - 14*u + 16. Determine d(3).
10
Let y(z) = z**3 - 7*z**2 - 54*z + 45. Calculate y(11).
-65
Let b(h) = -81*h + 364. Give b(4).
40
Let s(y) = -2*y**2 + 80*y - 232. Calculate s(37).
-10
Let i(a) = -2*a**2 - 111*a - 150. Give i(-55).
-95
Let j(b) = -145*b + 1033. Give j(8).
-127
Let o(a) = a**2 + 32*a + 77. Determine o(-32).
77
Let i(c) = -5*c**2 - 120*c - 123. What is i(-24)?
-123
Let w(h) = h**3 - 24*h**2 - 61*h - 45. Give w(26).
-279
Let n(m) = -93*m - 582. Calculate n(-11).
441
Let w(m) = 3*m**3 + 41*m**2 + 61*m + 23. Give w(-12).
11
Let x(y) = 2*y**2 - 60*y + 406. Determine x(10).
6
Let v(r) = -4*r**2 - 16*r + 41. Determine v(2).
-7
Let u(v) = -v**3 + 36*v**2 + 53*v + 359. Give u(38).
-515
Let o(x) = 7*x**3 + 7*x**2 + 2*x - 8. Calculate o(-4).
-352
Let h(l) = l**3 - 29*l**2 - 60*l - 86. Give h(31).
-24
Let p(g) = -2*g**2 - 1300*g - 5174. Give p(-4).
-6
Let h(j) = -99*j**2 - 98*j + 1. Give h(1).
-196
Let c(x) = 3*x**2 - 10*x - 33. Determine c(4).
-25
Let v(a) = -2*a**3 - 37*a**2 + 23*a + 28. Calculate v(-19).
-48
Let d(a) = 240*a - 1439. Give d(6).
1
Let i(u) = -578*u + 3467. Give i(6).
-1
Let k(y) = y**2 - 304*y + 8637. Calculate k(32).
-67
Let m(z) = 126*z + 1190. What is m(-9)?
56
Let x(m) = 4*m**2 - 119*m + 98. What is x(29)?
11
Let z(w) = -9*w**2 + 103*w - 66. Give z(9).
132
Let y(d) = -d**3 + 166*d**2 - 1112*d - 135. Determine y(159).
24
Let w(n) = 138*n + 904. Calculate w(-7).
-62
Let d(t) = 2*t**2 + 214*t - 10662. Calculate d(37).
-6
Let i(r) = 301*r - 1370. Give i(5).
135
Let d(u) = u**2 + 68*u + 1100. Give d(-46).
88
Let q(t) = 983*t - 11800. What is q(12)?
-4
Let i(x) = -40*x - 4505. What is i(-113)?
15
Let x(o) = 3*o**3 + 210*o**2 + 9*o + 640. Calculate x(-70).
10
Let n(d) = -d**3 + 92*d**2 - 353*d + 80. Calculate n(88).
-8
Let w(u) = -u**3 - 8*u**2 - 9*u - 6. Calculate w(-5).
-36
Let j(c) = -c**2 + 328*c + 987. Determine j(-3).
-6
Let x(f) = -2*f**3 + 11*f**2 - 14*f - 16. What is x(7)?
-261
Let a(g) = -9*g - 276. Calculate a(-25).
-51
Let f(d) = -1125*d + 6757. Give f(6).
7
Let s(g) = -10*g**2 - 3753*g - 3753. Calculate s(-1).
-10
Let v(c) = -c**3 - 50*c**2 + 3*c + 136. Calculate v(-50).
-14
Let k(o) = 13*o + 89. Determine k(-23).
-210
Let s(i) = 59*i + 468. Determine s(-8).
-4
Let x(v) = -2*v**2 - 214*v - 1756. Determine x(-98).
8
Let k(p) = -p**2 + 95*p - 566. Determine k(89).
-32
Let v(n) = n**3 - 7*n**2 - 261*n + 8. Determine v(20).
-12
Let m(f) = -4*f + 55. Determine m(15).
-5
Let f(n) = n**3 - 18*n**2 - 361*n - 35. What is f(-12)?
-23
Let s(t) = -6*t**2 - 74*t + 179. Calculate s(-15).
-61
Let m(j) = -j**3 + 20*j**2 + 69*j - 349. Calculate m(22).
201
Let r(j) = 35*j**2 - 52*j - 6. Give r(2).
30
Let o(p) = -571*p - 5696. Determine o(-10).
14
Let q(h) = -18*h**2 + 6*h + 1. What is q(3)?
-143
Let b(t) = 15*t + 49. What is b(-10)?
-101
Let q(d) = -d**3 - 24*d**2 - 29*d - 715. Give q(-24).
-19
Let v(a) = -a**3 + 99*a**2 + 183*a + 2025. Determine v(101).
106
Let z(b) = b**3 - 99*b**2 - 142*b + 4214. Calculate z(100).
14
Let r(u) = 1385*u - 11081. Determine r(8).
-1
Let l(b) = b**2 - 141*b - 748. Calculate l(-5).
-18
Let o(v) = 232*v - 486. What is o(2)?
-22
Let f(j) = -j**3 - 7*j**2 - 13*j - 6. Give f(-6).
36
Let q(h) = -10*h**2 + 127*h - 364. Calculate q(3).
-73
Let y(h) = 2*h**3 - 5*h**2 - 4*h + 18. Determine y(-4).
-174
Let i(q) = -33*q + 376. Determine i(12).
-20
Let l(b) = -b**3 - 7*b**2 + 7*b + 25. Determine l(-2).
-9
Let r(k) = -52*k**2 - 526*k - 40. What is r(-10)?
20
Let r(q) = 5*q**3 + 14*q**2 - 14*q - 57. Calculate r(-2).
-13
Let w(n) = 6*n + 465. Calculate w(-80).
-15
Let f(b) = 17*b**3 + 6*b**2 - 24*b + 27. What is f(2)?
139
Let m(h) = h**3 - 27*h**2 + 52*h - 4. What is m(23)?
-924
Let v(g) = -12*g - 523. Give v(7).
-607
Let h(g) = -9*g - 33. Give h(-2).
-15
Let r(l) = -328*l - 11479. Calculate r(-35).
1
Let d(z) = 4*z**3 - 57*z**2 + 33*z + 86. Determine d(13).
-330
Let p(d) = 379*d - 6832. What is p(18)?
-10
Let b(m) = -37*m - 893. What is b(-25)?
32
Let a(r) = 3*r**2 - 3*r - 24. Determine a(-5).
66
Let o(k) = -k**3 - 14*k**2 - 8*k - 70. Determine o(-14).
42
Let i(w) = -107*w - 142. What is i(-8)?
714
Let v(q) = -3*q**3 + 10*q**2 + 17*q - 46. Calculate v(5).
-86
Let u(x) = -x + 9. Give u(-16).
25
Let n(t) = t**3 + 3*t**2 - 20*t + 17. What is n(-7)?
-39
Let u(q) = q**3 + 5*q**2 + 18*q + 39. Determine u(-3).
3
Let t(r) = -4*r**3 + 80*r**2 + 90*r - 125. What is t(21)?
1
Let m(l) = 7*l**3 - 222*l**2 - 61*l - 66. Give m(32).
30
Let u(s) = -30*s + 994. What is u(34)?
-26
Let m(f) = -f**2 - 8*f - 40. Calculate m(-15).
-145
Let i(r) = r**3 - 20*r**2 + 87*r - 48. Determine i(14).
-6
Let d(h) = -2*h**3 - 790*h**2 - 5424*h + 3104. Calculate d(-388).
0
Let q(x) = 52*x - 8106. Give q(156).
6
Let j(q) = 17*q - 90. Give j(-12).
-294
Let f(p) = 184*p - 2921. Determine f(16).
23
Let t(c) = -8*c**3 + 57*c**2 - 16*c + 64. Calculate t(7).
1
Let z(s) = 38*s**2 - 532*s + 49. Give z(14).
49
Let d(k) = -k**3 - 23*k**2 - 75*k - 180. Calculate d(-19).
-199
Let j(v) = 110*v - 3049. Determine j(28).
31
Let q(r) = -22*r**2 + 195*r + 32. Determine q(9).
5
Let h(p) = -p**3 + 35*p**2 + 39*p - 34. Determine h(36).
74
Let b(w) = -8*w**2 + 8*w + 4. Give b(8).
-444
Let d(o) = 3*o**3 - 16*o**2 + 3*o + 21. Determine d(4).
-31
Let l(g) = g**3 + 196*g**2 + 80*g - 22424. Calculate l(-195).
1
Let i(g) = -8*g**2 + 271*g + 41. Calculate i(34).
7
Let t(r) = 17*r**2 + 4*r - 7. Calculate t(0).
-7
Let t(y) = 281*y - 2427. Calculate t(8).
-179
Let a(q) = -66*q + 24. Determine a(-3).
222
Let y(q) = q**2 - 37*q - 135. Calculate y(43).
123
Let g(p) = -2*p**2 + 122*p - 6. Determine g(64).
-390
Let m(t) = -4*t**2 + 236*t + 1308. What is m(64)?
28
Let s(c) = -4*c**2 - 89*c - 175. Calculate s(-20).
5
Let z(f) = 20*f + 429. What is z(-22)?
-11
Let w(y) = -110*y + 1536. Give w(13).
106
Let g(t) = -126*t + 852. What is g(7)?
-30
Let f(r) = 21*r - 118. Calculate f(10).
92
Let t(r) = -134*r - 1633. Calculate t(-12).
-25
Let g(n) = -n**3 + 9*n**2 + 435. Give g(12).
3
Let y(n) = -n**2 - n + 103. Calculate y(10).
-7
Let o(u) = 19*u**2 + 3142*u - 1983. What is o(-166)?
9
Let n(u) = -u + 118. What is n(39)?
79
Let s(h) = h**2 - 627*h - 2518. What is s(-4)?
6
Let j(o) = -o**2 - 33*o - 104. Determine j(-40).
-384
Let v(u) = 12*u + 